{"id":12,"date":"2024-06-11T18:58:48","date_gmt":"2024-06-11T16:58:48","guid":{"rendered":"https:\/\/kyudo-du-pays-lorientais.org\/?page_id=12"},"modified":"2025-10-23T11:31:20","modified_gmt":"2025-10-23T09:31:20","slug":"une-section-de-page-daccueil","status":"publish","type":"page","link":"https:\/\/kyudo-du-pays-lorientais.org\/index.php\/une-section-de-page-daccueil\/","title":{"rendered":"Les origines"},"content":{"rendered":"\n<p>Le Kyudo n&rsquo;est pas qu&rsquo;un sport ou un loisir, c&rsquo;est un art qui se distingue par sa philosophie zen inspir\u00e9e de l\u2019art martial ancestral du Kyujutsu (\u5f13\u8853, \u00ab&nbsp;tir \u00e0 l\u2019arc guerrier&nbsp;\u00bb) du code des samoura\u00ef (Bushid\u014d (\u6b66\u58eb\u9053, \u00ab&nbsp;voie des guerriers&nbsp;\u00bb) utilis\u00e9 sur les champs de bataille. L\u2019arc est l\u2019arme symbole des samoura\u00ef et le Kyudo est consid\u00e9r\u00e9 au Japon comme l\u2019un des Budo (\u6b66\u9053, \u00ab&nbsp;arts martiaux) les plus purs. Le premier texte d\u00e9crivant le tir \u00e0 l\u2019arc japonais appara\u00eet vers l\u2019an 297 et explique que les habitants des \u00eeles japonaises utilisent \u00ab&nbsp;un arc en bois qui est court en bas et long en haut.&nbsp;\u00bb<\/p>\n\n\n\n<p>P\u00e9n\u00e9tr\u00e9 et nourri par l\u2019influence du Zen, le Kyujustu\u2002perd peu \u00e0 peu sa qualit\u00e9 de bujutsu (\u6b66\u8853), techniques guerri\u00e8res employ\u00e9es par les samourais, et gagne l\u2019emploi du kanji \u9053 (d\u014d) visant \u00e0 distinguer les budo, se traduisant par \u00ab\u00a0technique\u00a0\u00bb ou \u00ab\u00a0art\u00a0\u00bb, afin de devenir le Kyudo, la Voie de l\u2019arc.<\/p>\n\n\n\n<h2 class=\"wp-block-heading\">Les Origines Anciennes<\/h2>\n\n\n\n<p>Le tir \u00e0 l&rsquo;arc au Japon remonte \u00e0 la pr\u00e9histoire, avec des preuves arch\u00e9ologiques datant de plus de 10 000 ans. Initialement utilis\u00e9 pour la chasse et la guerre, l&rsquo;arc japonais (<em>yumi<\/em>) a progressivement \u00e9volu\u00e9 pour devenir un instrument de d\u00e9veloppement spirituel et de discipline martiale.<\/p>\n\n\n\n<p>Durant la p\u00e9riode Yayoi (300 av. J.-C. &#8211; 300 ap. J.-C.), l&rsquo;arc devient un symbole de pouvoir et de statut social. Les techniques de fabrication se raffinent, cr\u00e9ant l&rsquo;arc composite asym\u00e9trique unique qui caract\u00e9rise le Kyudo moderne.<\/p>\n\n\n\n<div class=\"wp-block-columns is-layout-flex wp-container-core-columns-is-layout-9d6595d7 wp-block-columns-is-layout-flex\">\n<div class=\"wp-block-column is-layout-flow wp-block-column-is-layout-flow\">\n<h2 class=\"wp-block-heading has-text-align-center\"><strong>P\u00e9riode Kamakura<\/strong><\/h2>\n\n\n\n<p class=\"has-text-align-center\"><em>1185-1333<\/em><\/p>\n\n\n\n<p>L&rsquo;\u00e8re des samoura\u00efs o\u00f9 le tir \u00e0 l&rsquo;arc devient un art martial essentiel. Les guerriers pratiquent le <em>kyujutsu<\/em> (technique de l&rsquo;arc) et le <em>yabusame<\/em> (tir \u00e0 cheval).<\/p>\n\n\n<div class=\"wp-block-image is-style-rounded wp-duotone-rgb1040136-rgb254254254-1\">\n<figure class=\"aligncenter size-large is-resized\"><img loading=\"lazy\" decoding=\"async\" width=\"781\" height=\"1024\" src=\"https:\/\/kyudo-du-pays-lorientais.org\/wp-content\/uploads\/2025\/10\/Minamoto-no-Yoritomo-a-cheval-1-781x1024.webp\" alt=\"\" class=\"wp-image-275\" style=\"width:299px;height:auto\" srcset=\"https:\/\/kyudo-du-pays-lorientais.org\/wp-content\/uploads\/2025\/10\/Minamoto-no-Yoritomo-a-cheval-1-781x1024.webp 781w, https:\/\/kyudo-du-pays-lorientais.org\/wp-content\/uploads\/2025\/10\/Minamoto-no-Yoritomo-a-cheval-1-229x300.webp 229w, https:\/\/kyudo-du-pays-lorientais.org\/wp-content\/uploads\/2025\/10\/Minamoto-no-Yoritomo-a-cheval-1-768x1008.webp 768w, https:\/\/kyudo-du-pays-lorientais.org\/wp-content\/uploads\/2025\/10\/Minamoto-no-Yoritomo-a-cheval-1.webp 1013w\" sizes=\"auto, (max-width: 767px) 89vw, (max-width: 1000px) 54vw, (max-width: 1071px) 543px, 580px\" \/><figcaption class=\"wp-element-caption\"><strong>Minamoto no Yoritomo<\/strong> (1147 \u2013 1199)<br>Fujinomiya<\/figcaption><\/figure>\n<\/div><\/div>\n\n\n\n<div class=\"wp-block-column is-layout-flow wp-block-column-is-layout-flow\">\n<h2 class=\"wp-block-heading has-text-align-center\"><strong>P\u00e9riode Edo<\/strong><\/h2>\n\n\n\n<p class=\"has-text-align-center\"><em>1603-1868<\/em><\/p>\n\n\n\n<p>P\u00e9riode de paix o\u00f9 l&rsquo;aspect martial c\u00e8de la place \u00e0 la recherche spirituelle. Les \u00e9coles (<em>ryu<\/em>) se multiplient et d\u00e9veloppent des philosophies uniques.<\/p>\n\n\n<div class=\"wp-block-image is-style-rounded wp-duotone-rgb1040136-rgb255255255-2\">\n<figure class=\"aligncenter size-full is-resized\"><img loading=\"lazy\" decoding=\"async\" width=\"781\" height=\"1024\" src=\"https:\/\/kyudo-du-pays-lorientais.org\/wp-content\/uploads\/2025\/10\/Tokugawa-Ieyasu-1.webp\" alt=\"\" class=\"wp-image-290\" style=\"width:299px\" srcset=\"https:\/\/kyudo-du-pays-lorientais.org\/wp-content\/uploads\/2025\/10\/Tokugawa-Ieyasu-1.webp 781w, https:\/\/kyudo-du-pays-lorientais.org\/wp-content\/uploads\/2025\/10\/Tokugawa-Ieyasu-1-229x300.webp 229w, https:\/\/kyudo-du-pays-lorientais.org\/wp-content\/uploads\/2025\/10\/Tokugawa-Ieyasu-1-768x1007.webp 768w\" sizes=\"auto, (max-width: 767px) 89vw, (max-width: 1000px) 54vw, (max-width: 1071px) 543px, 580px\" \/><figcaption class=\"wp-element-caption\"><strong>Tokugawa Leyasu<\/strong> (1543-1616)<br>Gare d&rsquo;Okazaki, Pr\u00e9fecture d&rsquo;Aichi<\/figcaption><\/figure>\n<\/div><\/div>\n<\/div>\n\n\n\n<h2 class=\"wp-block-heading\">La Transformation en Kyudo<\/h2>\n\n\n\n<p>Au d\u00e9but du XXe si\u00e8cle, apr\u00e8s la restauration Meiji (1868), le Japon se modernise rapidement. Les arts martiaux traditionnels doivent s&rsquo;adapter pour survivre. Le <em>kyujutsu<\/em> (technique de l&rsquo;arc) se transforme alors en <em>kyudo<\/em>(voie de l&rsquo;arc), marquant un changement fondamental d&rsquo;objectif.<\/p>\n\n\n\n<p>En 1953, la F\u00e9d\u00e9ration Japonaise de Kyudo (All Nippon Kyudo Federation) est cr\u00e9\u00e9e pour unifier et standardiser la pratique. Elle \u00e9tablit le <em>shaho hassetsu<\/em>, les huit \u00e9tapes du tir, qui forment la base technique enseign\u00e9e aujourd&rsquo;hui.<\/p>\n\n\n\n<figure class=\"wp-block-image size-full wp-duotone-rgb1040136-rgb255255255-3\"><img loading=\"lazy\" decoding=\"async\" width=\"1820\" height=\"633\" src=\"https:\/\/kyudo-du-pays-lorientais.org\/wp-content\/uploads\/2025\/10\/les-8-etapes-du-tir.png\" alt=\"\" class=\"wp-image-226\" srcset=\"https:\/\/kyudo-du-pays-lorientais.org\/wp-content\/uploads\/2025\/10\/les-8-etapes-du-tir.png 1820w, https:\/\/kyudo-du-pays-lorientais.org\/wp-content\/uploads\/2025\/10\/les-8-etapes-du-tir-300x104.png 300w, https:\/\/kyudo-du-pays-lorientais.org\/wp-content\/uploads\/2025\/10\/les-8-etapes-du-tir-1024x356.png 1024w, https:\/\/kyudo-du-pays-lorientais.org\/wp-content\/uploads\/2025\/10\/les-8-etapes-du-tir-768x267.png 768w, https:\/\/kyudo-du-pays-lorientais.org\/wp-content\/uploads\/2025\/10\/les-8-etapes-du-tir-1536x534.png 1536w\" sizes=\"auto, (max-width: 767px) 89vw, (max-width: 1000px) 54vw, (max-width: 1071px) 543px, 580px\" \/><\/figure>\n\n\n\n<h2 class=\"wp-block-heading\">Le Kyudo dans le Monde<\/h2>\n\n\n\n<p>Le Kyudo s&rsquo;est internationalis\u00e9 au cours du XXe si\u00e8cle. La F\u00e9d\u00e9ration Internationale de Kyudo (International Kyudo Federation &#8211; IKYF) est fond\u00e9e en 2006 pour coordonner la pratique mondiale et organiser des championnats internationaux.<\/p>\n\n\n\n<p>En France, le Kyudo arrive dans les ann\u00e9es 1980 gr\u00e2ce \u00e0 des ma\u00eetres japonais et des pratiquants fran\u00e7ais ayant \u00e9tudi\u00e9 au Japon. La F\u00e9d\u00e9ration Fran\u00e7aise de Kyudo est cr\u00e9\u00e9e en 2001 et regroupe aujourd&rsquo;hui plusieurs clubs \u00e0 travers le pays.<\/p>\n\n\n\n<h2 class=\"wp-block-heading has-text-align-center has-white-color has-text-color has-background has-link-color wp-elements-4e5d58a0b1dffea1f7cbe03e328410da\" style=\"background-color:#680088\"><strong>Notre Club dans cette Tradition<\/strong><\/h2>\n\n\n\n<h3 class=\"wp-block-heading has-white-color has-text-color has-background has-link-color wp-elements-c8a314cbc17fa4eabd3e6d267c3d40ac\" style=\"background-color:#680088\">Le Club de Kyudo du Pays Lorientais s&rsquo;inscrit dans cette riche tradition. Nous pratiquons selon les enseignements de la F\u00e9d\u00e9ration Fran\u00e7aise de Kyudo, en respectant les formes et l&rsquo;\u00e9tiquette traditionnelles tout en accueillant chaleureusement les d\u00e9butants dans cette discipline exigeante mais profond\u00e9ment enrichissante.<\/h3>\n\n\n\n<p><\/p>\n","protected":false},"excerpt":{"rendered":"<p>Le Kyudo n&rsquo;est pas qu&rsquo;un sport ou un loisir, c&rsquo;est un art qui se distingue par sa philosophie zen inspir\u00e9e de l\u2019art martial ancestral du Kyujutsu (\u5f13\u8853, \u00ab&nbsp;tir \u00e0 l\u2019arc guerrier&nbsp;\u00bb) du code des samoura\u00ef (Bushid\u014d (\u6b66\u58eb\u9053, \u00ab&nbsp;voie des guerriers&nbsp;\u00bb) utilis\u00e9 sur les champs de bataille. L\u2019arc est l\u2019arme symbole des samoura\u00ef et le Kyudo &hellip; <\/p>\n<p class=\"link-more\"><a href=\"https:\/\/kyudo-du-pays-lorientais.org\/index.php\/une-section-de-page-daccueil\/\" class=\"more-link\">Continuer la lecture<span class=\"screen-reader-text\"> de &laquo;&nbsp;Les origines&nbsp;&raquo;<\/span><\/a><\/p>\n","protected":false},"author":1,"featured_media":53,"parent":0,"menu_order":0,"comment_status":"closed","ping_status":"closed","template":"","meta":{"footnotes":""},"class_list":["post-12","page","type-page","status-publish","has-post-thumbnail","hentry"],"_links":{"self":[{"href":"https:\/\/kyudo-du-pays-lorientais.org\/index.php\/wp-json\/wp\/v2\/pages\/12","targetHints":{"allow":["GET"]}}],"collection":[{"href":"https:\/\/kyudo-du-pays-lorientais.org\/index.php\/wp-json\/wp\/v2\/pages"}],"about":[{"href":"https:\/\/kyudo-du-pays-lorientais.org\/index.php\/wp-json\/wp\/v2\/types\/page"}],"author":[{"embeddable":true,"href":"https:\/\/kyudo-du-pays-lorientais.org\/index.php\/wp-json\/wp\/v2\/users\/1"}],"replies":[{"embeddable":true,"href":"https:\/\/kyudo-du-pays-lorientais.org\/index.php\/wp-json\/wp\/v2\/comments?post=12"}],"version-history":[{"count":31,"href":"https:\/\/kyudo-du-pays-lorientais.org\/index.php\/wp-json\/wp\/v2\/pages\/12\/revisions"}],"predecessor-version":[{"id":309,"href":"https:\/\/kyudo-du-pays-lorientais.org\/index.php\/wp-json\/wp\/v2\/pages\/12\/revisions\/309"}],"wp:featuredmedia":[{"embeddable":true,"href":"https:\/\/kyudo-du-pays-lorientais.org\/index.php\/wp-json\/wp\/v2\/media\/53"}],"wp:attachment":[{"href":"https:\/\/kyudo-du-pays-lorientais.org\/index.php\/wp-json\/wp\/v2\/media?parent=12"}],"curies":[{"name":"wp","href":"https:\/\/api.w.org\/{rel}","templated":true}]}}